y**3 - 172*y**2 - 161*y - 1218. What is v(173)?
858
Let q(p) = p**3 + 7*p**2 + 442*p + 2526. Give q(-6).
-90
Let i(n) = -24*n**2 - 222*n + 257. Determine i(-7).
635
Let c(t) = 467*t - 233028. Calculate c(499).
5
Let r(v) = 2*v**2 + 93178*v - 279543. Calculate r(3).
9
Let r(d) = -7*d**2 - 3467*d - 272539. Determine r(-98).
-1
Let l(y) = 305*y - 10506. Give l(35).
169
Let z(v) = 40*v**3 + 5*v**2 - 12*v + 46. Calculate z(3).
1135
Let h(n) = 695*n - 113893. Calculate h(164).
87
Let o(y) = y**2 - 3645*y - 128788. Determine o(-35).
12
Let n(m) = 3*m**2 + 1857*m + 195026. What is n(-485)?
56
Let q(c) = -211*c - 2737. Calculate q(-13).
6
Let q(d) = -80*d - 1215. Give q(-8).
-575
Let t(d) = -20*d**2 + 716*d + 5001. Determine t(-6).
-15
Let t(h) = 59*h**2 + 228*h - 2725. Calculate t(-9).
2
Let g(d) = -d**3 + 9*d**2 - 5355*d + 59163. What is g(11)?
16
Let s(k) = -13*k**2 - 3676*k - 10050. Calculate s(-280).
30
Let l(v) = 2*v**3 - v**2 - 26*v - 180. Calculate l(7).
275
Let n(q) = -34699*q + 312288. Calculate n(9).
-3
Let l(n) = -3798777*n + 7597556. Determine l(2).
2
Let d(b) = 9*b**2 - 201*b - 647. What is d(25)?
-47
Let a(p) = 1985*p + 89310. What is a(-45)?
-15
Let g(o) = -2379*o**2 - 57092*o + 102. Give g(-24).
6
Let w(o) = 22*o**2 + 412*o + 1690. Calculate w(-4).
394
Let d(z) = -2*z**3 - 4*z**2 - 117*z - 92. What is d(0)?
-92
Let w(y) = -6677*y + 253722. Calculate w(38).
-4
Let x(h) = 12*h**3 - 399*h**2 + 168*h - 2266. Determine x(33).
11
Let p(t) = -t**2 - 834*t + 28640. Determine p(33).
29
Let f(w) = -7*w**2 - 31*w - 1047. Determine f(-20).
-3227
Let y(g) = -622*g + 50385. Calculate y(81).
3
Let t(r) = 3330*r + 735661. Determine t(-221).
-269
Let t(j) = -j**2 + 326*j + 26512. What is t(-70)?
-1208
Let o(j) = -235*j**2 + 75695*j - 8073. Determine o(322).
-23
Let s(g) = 4*g**3 - 284*g**2 - 284*g - 542. Give s(72).
-254
Let f(w) = -5*w**3 - 323*w**2 + 776*w - 1652. Calculate f(-67).
224
Let d(n) = n**3 - 336*n**2 - 10195*n - 80. What is d(-28)?
4
Let o(p) = -7*p**2 + 4466*p - 52592. Give o(626).
-8
Let z(q) = 13*q**2 - 726*q + 3609. Calculate z(5).
304
Let g(h) = 3*h**3 + 210*h**2 - 406*h + 150. Determine g(-72).
-1722
Let b(d) = -274*d + 1907. Determine b(7).
-11
Let m(z) = 2130*z - 223652. Give m(105).
-2
Let h(r) = -16*r**3 - 898*r**2 + 838*r + 61. What is h(1)?
-15
Let x(q) = -85*q**3 + 766*q**2 - 39*q + 1. What is x(9)?
-269
Let n(x) = -35*x**3 - 7*x**2 + 17*x + 11. Calculate n(4).
-2273
Let d(t) = 239*t + 13565. Calculate d(-60).
-775
Let f(i) = 2*i**3 + 434*i**2 - 2242*i - 202834. Give f(-220).
6
Let k(a) = 28596*a - 171579. Determine k(6).
-3
Let p(w) = w**3 - 57*w**2 - 1013*w + 49812. What is p(60)?
-168
Let h(d) = 24*d**2 - 943*d + 43. Give h(39).
-230
Let u(i) = -6018*i - 17385. Determine u(-3).
669
Let g(r) = -4438*r - 61024. Calculate g(-14).
1108
Let t(l) = -3*l**3 - 32*l**2 - 243*l - 2794. Give t(-11).
0
Let t(q) = 13*q**2 + 852*q + 1304. Calculate t(-64).
24
Let q(w) = -9343*w + 439097. What is q(47)?
-24
Let x(h) = 318380*h + 13053582. What is x(-41)?
2
Let r(v) = 333113*v - 666176. Determine r(2).
50
Let w(p) = 48*p**3 - 2496*p**2 - 15*p + 787. What is w(52)?
7
Let j(x) = -86*x**3 - 7*x**2 - 241*x - 239. Calculate j(-1).
81
Let l(f) = 5590*f + 480712. Calculate l(-86).
-28
Let j(p) = -836*p + 328593. Determine j(393).
45
Let r(l) = l**2 + 3916*l + 85694. Determine r(-22).
26
Let p(m) = 16927*m - 19195211. Calculate p(1134).
7
Let v(q) = -q**3 + 15*q**2 + 279*q - 4046. Determine v(18).
4
Let a(j) = -1969*j - 636068. Give a(-323).
-81
Let r(w) = w**3 + 23*w**2 - 182*w + 237. Calculate r(-29).
469
Let x(j) = 2*j**2 - 405*j - 3396. Give x(-8).
-28
Let j(k) = 2*k**3 - k**2 - 2088*k - 10400. Give j(-5).
-235
Let p(z) = 3*z**3 - 24*z**2 - 913*z + 6485. Determine p(7).
-53
Let x(q) = 3*q**3 + 427*q**2 - 289*q - 462. Give x(-143).
-33
Let g(u) = -u**2 - 25*u + 62. What is g(33)?
-1852
Let b(r) = -r**3 - 7*r**2 + 225*r + 752. Give b(14).
-214
Let a(u) = -u**3 + 57*u**2 + 991*u + 213. What is a(71)?
0
Let m(l) = -l**3 - 8*l**2 - 102*l + 705. What is m(6)?
-411
Let s(n) = 204*n + 21211. What is s(-100)?
811
Let u(i) = -7415*i + 785989. What is u(106)?
-1
Let d(k) = k**3 + 13403*k**2 - 53574*k - 211. Give d(4).
5
Let c(a) = 9594*a - 38186. Give c(4).
190
Let h(c) = c**3 + 64*c**2 + 109*c - 944. Give h(-62).
-14
Let y(r) = -r**3 - 120*r**2 - 2026*r + 5360. Determine y(-99).
113
Let m(j) = -2*j**2 - 5106922*j - 15320753. Give m(-3).
-5
Let s(h) = -3*h**2 - 2863*h + 79480. What is s(27)?
-8
Let r(w) = -2*w**3 - 20*w**2 + 589*w + 160. What is r(-23)?
367
Let f(x) = 221*x - 486. What is f(3)?
177
Let f(m) = 1734*m - 48674. Calculate f(28).
-122
Let v(f) = -f**3 - 47*f**2 + 483*f + 318. Give v(-57).
5277
Let c(q) = -89*q - 7754. What is c(-88)?
78
Let g(b) = -28504*b + 6441944. Calculate g(226).
40
Let f(r) = r**2 - 2951*r - 20675. Determine f(-7).
31
Let y(d) = 16929*d - 863385. Determine y(51).
-6
Let s(y) = -y**2 - 29*y + 454. Calculate s(-51).
-668
Let p(q) = q**2 + 21214*q + 296794. Determine p(-14).
-6
Let b(d) = -3121*d + 408623. Give b(131).
-228
Let j(y) = 13*y**2 + y - 157. Determine j(-17).
3583
Let q(v) = -1909*v**2 + 104999*v - 231. Determine q(55).
-11
Let m(r) = -1153*r - 193687. Determine m(-168).
17
Let j(h) = h**3 - 24*h**2 + 219*h - 745. Determine j(14).
361
Let i(k) = -12*k**3 + 436*k**2 + 305*k - 201. Calculate i(37).
132
Let t(b) = -2*b**3 + 425*b**2 - 1053*b + 495. Determine t(210).
-135
Let r(v) = 21*v**2 - 22746*v + 138967. Determine r(1077).
34
Let g(m) = 8*m**2 + 144*m - 114. Give g(-20).
206
Let b(d) = -d**3 + 48*d**2 + 4195*d + 84545. What is b(99)?
-1
Let x(y) = -288597*y + 865787. What is x(3)?
-4
Let o(n) = -n**3 + 23*n**2 + 6*n + 11. Determine o(10).
1371
Let b(j) = -j**3 - 28*j**2 - 126*j - 111. Determine b(-23).
142
Let a(p) = -12*p**2 - 32067*p + 516135. Give a(16).
-9
Let n(c) = 570201*c - 7982811. What is n(14)?
3
Let b(o) = -2*o**3 + 9*o**2 + 26*o + 28. Determine b(7).
-35
Let u(n) = 3*n**3 + 2*n**2 + 1846*n + 16170. Determine u(-8).
-6
Let v(x) = 3*x**3 + 40*x**2 + 409*x - 104. Determine v(-16).
-8696
Let v(s) = -s**3 - 34*s**2 - 1967*s - 55557. What is v(-30)?
-147
Let g(k) = k**2 - 10186*k - 40785. Determine g(-4).
-25
Let q(b) = -b**3 - 140*b**2 + 5100*b + 1. Calculate q(-170).
1
Let b(z) = -70*z**2 + 226*z + 86. Determine b(6).
-1078
Let w(r) = -r**3 + 216*r + 378. Calculate w(0).
378
Let c(d) = -d**3 + 11*d**2 - 143*d + 1953. Determine c(12).
93
Let f(z) = 3*z**3 - 3*z**2 - 185*z + 778. What is f(4)?
182
Let s(a) = 8052*a - 1481579. Give s(184).
-11
Let g(c) = 4*c**2 + 752*c + 15184. Give g(-23).
4
Let f(d) = -1124*d - 62363. Determine f(-55).
-543
Let p(c) = -4*c**2 + 98*c - 351. What is p(18)?
117
Let n(l) = -12*l**3 + 157*l**2 + 3731*l - 48669. What is n(13)?
3
Let z(j) = 328158*j + 1968936. Calculate z(-6).
-12
Let m(j) = -2*j**3 - 193*j**2 - 256*j - 2539. Give m(-95).
-5294
Let v(q) = 296*q - 88252. Calculate v(298).
-44
Let u(n) = n**3 + 37*n**2 - 1029*n - 4029. Determine u(21).
-60
Let n(u) = 30617*u + 153604. Give n(-5).
519
Let w(s) = 1443*s - 380861. Give w(264).
91
Let y(n) = 2*n**3 - 14*n**2 + 558*n - 142. Give y(0).
-142
Let f(c) = -794*c + 8261. Determine f(9).
1115
Let q(v) = -v**2 - 64*v - 301. Give q(-54).
239
Let t(u) = -686*u**2 + 205103*u + 3293. What is t(299)?
4
Let r(j) = 22*j**2 + 2929*j - 1977. What is r(-134)?
569
Let t(m) = -249*m - 8825. Determine t(-35).
-110
Let o(v) = -149*v**2 + 19917*v + 6573. What is o(134)?
7
Let i(v) = v**3 + 2*v**2 - 5208*v + 55715. Calculate i(11).
0
Let b(x) = -2*x**2 + 441*x - 3855. Calculate b(9).
-48
Let b(j) = -j**3 - 83*j**2 + 279*j + 1739. Determine b(-86).
-67
Let g(n) = 2001*n - 108023. Calculate g(54).
31
Let v(z) = 3*z**2 - 289*z - 2376. What is v(104)?
16
Let m(p) = -167*p**3 - 2*p**2 - p + 2. Determine m(1).
-168
Let u(d) = -8*d**2 - 7*d - 735. Calculate u(0).
-735
Let m(b) = 3*b**3 + 289*b**2 + 1925*b - 534. Give m(-89).
2403
Let t(b) = -44*b**2 - 2155*b + 2238. What is t(-50)?
-12
Let f(m) = 1352*m - 35102. Give f(26).
50
Let q(j) = 10693*j - 1208313. Determine q(113).
-4
Let g(z) = -13*z**3 - 344*z**2 - 1062*z - 659. What is g(-23)?
-38
Let i(h) = -2*h**3 + 34*h**2 + 115*h - 1417. Calculate i(18).
5
Let p(q) = 5*q**3 - 2903*q**2 - 72